False
Let l be 3/12 - 327/12. Let g = 30 - l. Is g prime?
False
Let o = 10 - 12. Is 1 - -73 - (o - -5) prime?
True
Let h be 3/(-1 + 5/2). Let i(r) = 38*r - 5. Is i(h) a composite number?
False
Let k(y) = 5*y**3 + 3*y**2 - y. Let n be k(-3). Let h = 232 + n. Is h a prime number?
True
Let m(l) = 67*l - 13. Let i be m(6). Suppose c + 0*c = i. Is c a prime number?
True
Let d = 799 + -468. Is d prime?
True
Is -2*212/(-24)*3 a prime number?
True
Suppose 2*j + 2*j - 12 = 0. Let c be (2/(-3))/(6/612). Is (j + c + -2)*-1 composite?
False
Let f(g) = g**3 - 7*g**2 - 8*g + 3. Let d be f(8). Suppose z = -d*z + 316. Is z a composite number?
False
Suppose 0 = 3*o - 425 + 146. Is o a composite number?
True
Let m = -15 - -22. Let j(k) = k**2 - 7*k + 2. Let n be j(m). Let c(f) = 11*f**2 + 2. Is c(n) prime?
False
Let s = -651 + 1732. Is s a composite number?
True
Let g(a) = a**2 - 2*a - 16. Let w be 30/(-20)*(-4)/6. Suppose 4*u = -w + 53. Is g(u) a composite number?
False
Let t(p) be the third derivative of p**5/60 - p**4/24 - 5*p**3/6 + 6*p**2. Is t(-6) prime?
True
Is (-2 - (-5 + 2))*131 a prime number?
True
Let g(l) = -l**3 - 10*l**2 - 9*l + 5. Is g(-10) a prime number?
False
Let q(y) = 0*y + 3*y - 4*y + 7. Let a be q(3). Suppose 4*b + 97 = 3*p, -4*p = -5*b + a*b - 125. Is p a composite number?
False
Let l = 6 - 15. Let d(m) be the first derivative of m**4/4 + 13*m**3/3 + 3*m**2/2 - 6*m + 32. Is d(l) a prime number?
False
Suppose -r - 2966 = -5*b, 3*b + 4*r = 681 + 1094. Let d = 1012 - b. Is d a composite number?
False
Let s = 206 + -119. Is s + -2 + (0 - 0) a composite number?
True
Let o(w) = -8*w + 1. Let a be (-2)/7 + (-61)/7. Let t = 6 + a. Is o(t) a composite number?
True
Let m(q) = 56*q**2 + 2*q + 1. Let b = -3 + 5. Suppose b = -3*o - 1. Is m(o) a composite number?
True
Suppose -7*j + 398 = -5*j. Is j a composite number?
False
Suppose 4 - 9 = 5*r. Is -132*(-4)/6 - r prime?
True
Let p(b) = 2*b**3 - 5*b**2 + 4*b - 6. Is p(4) a composite number?
True
Suppose 0*l + 5*u - 1585 = -4*l, -u + 1565 = 4*l. Suppose -y - 5*o - 103 = -l, -5*y + 1543 = -2*o. Is y a prime number?
True
Suppose -6*z + 0*z + 23682 = 0. Is z composite?
False
Let o = 4 - -19. Is o a prime number?
True
Let f(i) = -10 - 2*i - 1 - 1 - 3. Is f(-11) composite?
False
Suppose -5*c - 86 = 5*v - 6*c, 5*v + c = -84. Let d = 63 + v. Is d prime?
False
Suppose -3 = -2*c + 1. Suppose 0 = -2*b + 2, -c*b - 41 - 145 = -4*h. Is h prime?
True
Let f(u) = u**2 + 7*u + 2. Let s be f(-7). Suppose -s*z = d - 180, 5*z - d = -0*z + 436. Is (-18)/(-12)*z/6 composite?
True
Let n(i) = 34*i - 5. Let w be n(10). Suppose 0 = -6*a + a + w. Is a a composite number?
False
Suppose 2*n = -3*y + 5, 0 = 5*y - 2*y + 3*n - 6. Suppose 2*t + y - 9 = 0. Is t composite?
True
Let h(l) = l**3 + 15*l**2 + 15*l + 12. Let t be h(-14). Suppose 3*c - 1282 = -s, 3*c + 5 = 5*s + 1317. Is t*(-1)/6*c composite?
True
Suppose 2*r + 4*r - 1902 = 0. Is r a composite number?
False
Let o = -108 + -50. Let s = o + -18. Is (3 - 2) + s/(-2) composite?
False
Suppose 3*v - 210 = 2*v. Suppose -v = 3*a + 2*a. Is (4 + a)*2/(-4) a prime number?
True
Suppose -x = -0*x - 69. Is 1/((1/x)/1) a prime number?
False
Suppose -5 = 3*z - 4*h, -14 = z + 3*z + 2*h. Let k be 0/(z*(2 - 3)). Suppose -y + 60 + 67 = k. Is y prime?
True
Let w(t) = 68*t - 5. Is w(7) a composite number?
True
Let m = -37 + 52. Is m a composite number?
True
Suppose -3 = 3*x, t + 0*x = x + 36. Is t a composite number?
True
Suppose 4*y - 13 - 271 = 0. Let t = y + -16. Is t composite?
True
Let k(q) = 1 - 3 + 0 + 10*q. Let p be k(3). Suppose 7*n - 3*n = p. Is n a composite number?
False
Is 14/(-7)*201/(-6) prime?
True
Suppose 5*v + 4*n - 6248 = 3237, -3827 = -2*v + 5*n. Is v a prime number?
True
Suppose -5*h + 3*k = -13, -k + 8 = k. Suppose g + m + 3 = -8, -49 = 4*g + h*m. Let i(b) = b**3 + 5*b**2 - 6*b + 6. Is i(g) a prime number?
False
Let w be 2*(4 - 2)/2. Let p be 1 - (-7 + 1 + w). Suppose -79 = -p*g + 4*g. Is g a prime number?
True
Suppose -5*o - 408 + 2313 = 0. Is o a prime number?
False
Let x = -1 + 59. Is x composite?
True
Suppose -9*t - 74 = -g - 6*t, 2*g = -t + 169. Is g composite?
False
Let u be (19 - 4)/((-2)/(-2)). Is 29/((u/(-39))/(-5)) a composite number?
True
Let l = 1020 - 319. Is l a composite number?
False
Suppose 142 = 2*i - 0*i. Is i a prime number?
True
Let a(r) be the second derivative of r**5/20 - r**4/6 + 7*r**3/6 + 4*r**2 + 7*r. Is a(6) composite?
True
Is 480 - (0 + -4) - -3 a prime number?
True
Suppose 4*b + 3239 = 3*q, -q - 18 = 2*b - 1081. Is q prime?
False
Let x = 6 - 4. Suppose -d - x*p - 2 = -5*d, -4*p - 10 = -2*d. Is (422/(-6))/(d/3) a prime number?
True
Let b = 103 - 42. Let t = 123 - b. Suppose -m - 2*m - 5*g = -57, -4*m - 2*g + t = 0. Is m prime?
False
Let p(g) be the first derivative of 79*g**3/3 + g**2/2 - g + 4. Is p(1) composite?
False
Let p = -4 + 3. Is 302 + (p - 2) + 2 prime?
False
Let r(c) = -209*c + 4. Is r(-3) a prime number?
True
Suppose -3 = -3*t + 18. Let w(b) = -b + 10. Let a be w(t). Suppose -a*d = -2*d - 23. Is d a prime number?
True
Let l(h) = 8*h - 1. Let m be (-3 + 2)*(-3 + 2). Is l(m) prime?
True
Let n(r) be the first derivative of r**4/4 + 7*r**3/3 + 7*r**2/2 + 9*r - 1. Let u be -4 - 3/(-3)*-2. Is n(u) prime?
True
Let u = 0 - -5. Let b be u/1 - 2/1. Suppose 28 = 5*l + 4*n - 61, b*l + 5*n - 43 = 0. Is l a prime number?
False
Let x be 4*(2/(-2) + 2). Let f(h) = -3*h**3 - 2*h + 4. Let m be f(-5). Suppose 3*w = j - 89, j - w = -x*j + m. Is j prime?
False
Suppose 4*x + 5*v - 238 - 123 = 0, -3*x + v = -266. Let r = x - 47. Suppose p - 5 = 2*f, 2*p - 2*f - r = -6*f. Is p a composite number?
False
Suppose 0 = 5*k - 4 - 6. Suppose -7*u + 5 = -2*u, k*j - 3*u = 287. Is j a composite number?
True
Let n(r) = 12*r - 11. Suppose o = 4, -o - 4 = q - 5*o. Is n(q) prime?
False
Let t be (-64)/(-10) - 2/5. Let c = 1022 - -263. Suppose t*h - h = c. Is h a composite number?
False
Suppose -3*p = -6*p. Suppose -6*t + 5*t + 35 = p. Is t a prime number?
False
Suppose 7*y = 2*y + 15, -4*z = -y - 4273. Is z a composite number?
False
Suppose -2*i - i = 2*t - 2, 15 = -3*t. Suppose 61 = 3*s + i. Is s a prime number?
True
Let z(i) be the first derivative of -1/4*i**4 - 5/3*i**3 + 9/2*i**2 + 1 - 9*i. Is z(-7) prime?
False
Let d be (-14)/(-2 + 2 - 2). Suppose -2*b - x = -0 - d, 5*x = 5*b + 5. Suppose 74 = 4*y + b*j, 0*y + 2*j = -3*y + 55. Is y a prime number?
True
Let j(m) = -m**3 + 10*m**2 + 11*m + 11. Is j(9) a composite number?
False
Let u(z) = 7*z**2 + 8*z - 3. Let m be u(-7). Suppose -4*h - 86 = 2*p + 104, 5*h = -3*p - m. Is p*(-4)/3 + 3 a composite number?
False
Suppose -5*y - 2*y = -11137. Is y composite?
True
Suppose l = 4*l + 21. Is 3*1 + (-2576)/l composite?
True
Suppose -5*z = -3*h - 4445, -4*h - 1313 = -3*z + 1354. Is z prime?
False
Suppose 0 = -2*l + 2*i + 20, 4*l = l + 5*i + 38. Is 109 - -2 - (-6 + l) a composite number?
True
Suppose 5*p = 5*l, p + 2*l - 16 = -p. Suppose -p*x + 16 = 2*c + 2*c, 0 = -4*c + 2*x + 22. Let w(q) = 2*q**2 - 6*q + 3. Is w(c) composite?
False
Suppose -5*x + 734 = 3*w - 0*w, 0 = x + 3*w - 154. Is x a prime number?
False
Let a(x) = x**3 - 3*x**2 + 2*x - 1. Let z be a(3). Suppose 3*c - z*v - 428 = 0, v = -0*c - 2*c + 281. Is c prime?
False
Let t = 562 - 360. Let p = 609 - t. Is p prime?
False
Let s(i) = 15*i**2 + 3*i + 3. Suppose -3 - 1 = 2*x. Let m be s(x). Suppose -5*b - m = -8*b. Is b composite?
False
Suppose 3*z = -g + 991, 3*z = -0*z - 5*g + 983. Is z a composite number?
False
Is 2*(-5)/(-20)*1298 a composite number?
True
Let p(u) be the second derivative of u**5/10 - u**4/3 + u**3/6 - u**2 - 3*u. Let a be p(3). Suppose 0*y + y = a. Is y a composite number?
False
Let f(l) be the third derivative of l**4/12 - l**3 + 3*l**2. Let c be f(6). Suppose -3*a = -c*a + 231. Is a a prime number?
False
Suppose 4*p - 7691 = 3*x, -5*p + 0*x + 9605 = -2*x. Is p prime?
False
Let g(w) = w**3 + w**2 - w + 11. Let u be g(0). Suppose 0 = d + 3*a + 2, u + 11 = 5*d - a. Suppose -d*p = -0*o - o - 27, p - 3 = -o. Is p a prime number?
False
Suppose -5*j - 4*k - 2 + 13 = 0, -4*j = -5*k - 17. Suppose -478 = -j*b + 659. Is b a composite number?
False
Let f(l) = l + 1. Let u be f(2). Let t(o) = 5*o**3 - 4*o**u + 13*o - 3 + 12 + 10*o**2. Is t(-8) a prime number?
F